, 379
What are the prime factors of 67821?
3, 13, 37, 47
What are the prime factors of 7352?
2, 919
List the prime factors of 2865.
3, 5, 191
What are the prime factors of 995?
5, 199
What are the prime factors of 1684?
2, 421
What are the prime factors of 1853?
17, 109
What are the prime factors of 1440?
2, 3, 5
List the prime factors of 964.
2, 241
List the prime factors of 266.
2, 7, 19
List the prime factors of 47468.
2, 11867
What are the prime factors of 20329?
29, 701
List the prime factors of 27061.
27061
List the prime factors of 2735.
5, 547
What are the prime factors of 23274?
2, 3, 431
List the prime factors of 19367.
107, 181
List the prime factors of 272.
2, 17
List the prime factors of 2169.
3, 241
List the prime factors of 1204.
2, 7, 43
What are the prime factors of 2051?
7, 293
List the prime factors of 37401.
3, 7, 13, 137
List the prime factors of 1301.
1301
List the prime factors of 4416.
2, 3, 23
List the prime factors of 1508.
2, 13, 29
List the prime factors of 1800.
2, 3, 5
What are the prime factors of 115939?
269, 431
List the prime factors of 47621.
7, 6803
What are the prime factors of 11438?
2, 7, 19, 43
List the prime factors of 43779.
3, 14593
List the prime factors of 754.
2, 13, 29
What are the prime factors of 807?
3, 269
What are the prime factors of 1406?
2, 19, 37
What are the prime factors of 2409?
3, 11, 73
List the prime factors of 16612.
2, 4153
What are the prime factors of 21641?
17, 19, 67
What are the prime factors of 18965?
5, 3793
List the prime factors of 12666.
2, 3, 2111
What are the prime factors of 19600?
2, 5, 7
What are the prime factors of 26?
2, 13
What are the prime factors of 2695?
5, 7, 11
What are the prime factors of 530?
2, 5, 53
List the prime factors of 5351.
5351
List the prime factors of 104237.
7, 14891
List the prime factors of 9609.
3, 3203
What are the prime factors of 717?
3, 239
What are the prime factors of 13049?
13049
What are the prime factors of 70077?
3, 7, 47, 71
List the prime factors of 9137.
9137
What are the prime factors of 70511?
7, 1439
What are the prime factors of 2037?
3, 7, 97
What are the prime factors of 2422?
2, 7, 173
What are the prime factors of 40307?
17, 2371
What are the prime factors of 1583?
1583
What are the prime factors of 22996?
2, 5749
List the prime factors of 166150.
2, 5, 3323
List the prime factors of 1078.
2, 7, 11
List the prime factors of 15936.
2, 3, 83
List the prime factors of 2671.
2671
What are the prime factors of 7178?
2, 37, 97
List the prime factors of 38447.
38447
List the prime factors of 827.
827
What are the prime factors of 1490?
2, 5, 149
What are the prime factors of 3998?
2, 1999
What are the prime factors of 41477?
19, 37, 59
What are the prime factors of 152680?
2, 5, 11, 347
List the prime factors of 36646.
2, 73, 251
What are the prime factors of 35525?
5, 7, 29
List the prime factors of 8549.
83, 103
List the prime factors of 15790.
2, 5, 1579
What are the prime factors of 761?
761
List the prime factors of 18655.
5, 7, 13, 41
What are the prime factors of 14863?
89, 167
List the prime factors of 1160.
2, 5, 29
What are the prime factors of 2338?
2, 7, 167
List the prime factors of 26213.
11, 2383
What are the prime factors of 116799?
3, 38933
List the prime factors of 16143.
3, 5381
What are the prime factors of 4876?
2, 23, 53
What are the prime factors of 35797?
35797
List the prime factors of 6197.
6197
List the prime factors of 6731.
53, 127
List the prime factors of 1189.
29, 41
What are the prime factors of 1898?
2, 13, 73
List the prime factors of 149412.
2, 3, 12451
What are the prime factors of 32424?
2, 3, 7, 193
What are the prime factors of 61309?
37, 1657
List the prime factors of 38444.
2, 7, 1373
List the prime factors of 72398.
2, 53, 683
List the prime factors of 1743.
3, 7, 83
List the prime factors of 972.
2, 3
List the prime factors of 17276.
2, 7, 617
List the prime factors of 6766.
2, 17, 199
List the prime factors of 497.
7, 71
What are the prime factors of 7391?
19, 389
List the prime factors of 975.
3, 5, 13
List the prime factors of 5216.
2, 163
List the prime factors of 499.
499
What are the prime factors of 3195?
3, 5, 71
What are the prime factors of 27?
3
List the prime factors of 48121.
48121
List the prime factors of 745.
5, 149
List the prime factors of 2669.
17, 157
What are the prime factors of 88?
2, 11
What are the prime factors of 49316?
2, 12329
List the prime factors of 778.
2, 389
List the prime factors of 63210.
2, 3, 5, 7, 43
What are the prime factors of 3002?
2, 19, 79
List the prime factors of 21042.
2, 3, 7, 167
What are the prime factors of 127955?
5, 157, 163
List the prime factors of 515.
5, 103
What are the prime factors of 27821?
43, 647
List the prime factors of 23196.
2, 3, 1933
What are the prime factors of 64962?
2, 3, 401
List the prime factors of 8696.
2, 1087
What are the prime factors of 1047?
3, 349
What are the prime factors of 2780?
2, 5, 139
List the prime factors of 1447.
1447
What are the prime factors of 31969?
7, 4567
What are the prime factors of 1440?
2, 3, 5
List the prime factors of 1611.
3, 179
List the prime factors of 79079.
7, 11, 13, 79
What are the prime factors of 95772?
2, 3, 23, 347
List the prime factors of 15367.
11, 127
List the prime factors of 35923.
35923
What are the prime factors of 19613?
11, 1783
What are the prime factors of 3225?
3, 5, 43
List the prime factors of 8531.
19, 449
What are the prime factors of 506?
2, 11, 23
List the prime factors of 2944.
2, 23
List the prime factors of 47.
47
What are the prime factors of 12240?
2, 3, 5, 17
What are the prime factors of 2256?
2, 3, 47
What are the prime factors of 3792?
2, 3, 79
What are the prime factors of 4325?
5, 173
List the prime factors of 127.
127
List the prime factors of 105261.
3, 13, 2699
List the prime factors of 582.
2, 3, 97
List the prime factors of 42997.
19, 31, 73
List the prime factors of 163.
163
List the prime factors of 2810.
2, 5, 281
List the prime factors of 5832.
2, 3
List the prime factors of 504.
2, 3, 7
List the prime factors of 17918.
2, 17, 31
List the prime factors of 2332.
2, 11, 53
List the prime factors of 221.
13, 17
What are the prime factors of 1965?
3, 5, 131
List the prime factors of 11661.
3, 13, 23
What are the prime factors of 2951?
13, 227
What are the prime factors of 1457?
31, 47
List the prime factors of 4473.
3, 7, 71
List the prime factors of 1275.
3, 5, 17
List the prime factors of 532.
2, 7, 19
What are the prime factors of 30202?
2, 15101
List the prime factors of 4281.
3, 1427
List the prime factors of 1118.
2, 13, 43
What are the prime factors of 15478?
2, 71, 109
What are the prime factors of 11844?
2, 3, 7, 47
What are the prime factors of 1078?
2, 7, 11
What are the prime factors of 65276?
2, 16319
List the prime factors of 2663.
2663
What are the prime factors of 15029?
7, 19, 113
What are the prime factors of 62956?
2, 15739
What are the prime factors of 42973?
7, 877
List the prime factors of 16435.
5, 19, 173
List the prime factors of 21187.
21187
List the prime factors of 6576.
2, 3, 137
What are the prime factors of 62?
2, 31
What are the prime factors of 9553?
41, 233
What are the prime factors of 1831?
1831
List the prime factors of 14689.
37, 397
List the prime factors of 12049.
12049
List the prime factors of 33426.
2, 3, 619
List the prime factors of 744.
2, 3, 31
What are the prime factors of 79955?
5, 15991
List the prime factors of 2078.
2, 1039
What are the prime factors of 2941?
17, 173
List the prime factors of 6258.
2, 3, 7, 149
What are the prime factors of 263?
263
What are the prime factors of 4389?
3, 7, 11, 19
What are the prime factors of 5?
5
What are the prime factors of 3524?
2, 881
List the prime factors of 140773.
140773
List the prime factors of 40270.
2, 5, 4027
List the prime factors of 9488.
2, 593
What are the prime factors of 9548?
2, 7, 11, 31
List the prime factors of 35088.
2, 3, 17, 43
List the prime factors of 673.
673
What are the prime factors of 1202?
2, 601
List the prime factors of 6961.
6961
What are the prime factors of 23783?
17, 1399
What are the prime factors of 32419?
17, 1907
List the prime factors of 93001.
93001
What are the prime factors of 47829?
3, 10